r, 0 = -5*k + 3*r - 8*r + 80. Calculate the remainder when t is divided by k.
11
Suppose 2*b = 5*r - 19, -4*b - b + 5 = 5*r. Calculate the remainder when 19 is divided by r.
1
Let v = -60 + 100. Calculate the remainder when v is divided by 21.
19
Suppose 7*c = 2*c. Suppose 2*z = -c*z + 20. Calculate the remainder when 1 - (-28 + 2 + -2) is divided by z.
9
Let j(u) = -u**2 + 14*u + 6. Calculate the remainder when j(9) is divided by 18.
15
Let t(x) = -x**3 + x**2 - x + 15. Let g be (2 + 0 + -2)/(-2). Calculate the remainder when 57 is divided by t(g).
12
Let c(p) = p**2 + 7*p + 13. Let f = -7 - -11. What is the remainder when f is divided by c(-3)?
0
Let f(i) = -14*i - 82. What is the remainder when 58 is divided by f(-7)?
10
Calculate the remainder when 36 is divided by -1 + -6*(-10)/3.
17
Let b(h) = -h + 29. Let g(q) = -7*q**3 + 2*q + 1. Let j be g(-1). Let i = j - 6. Calculate the remainder when b(i) is divided by 10.
9
Suppose -2*q + 2*a = -7*q + 112, 5*a + 39 = 2*q. Let c(i) = -i**2 - 9*i - 12. Calculate the remainder when q is divided by c(-5).
6
Suppose 0 = j + 5 + 17. Let t = j - -30. What is the remainder when 13 is divided by t?
5
Suppose -2*m + 42 = -48. What is the remainder when m is divided by 23?
22
Let n(k) = -k + 2. Let v be n(7). Let u be ((-2)/3*-3)/2. What is the remainder when v + 22 + -1*u is divided by 6?
4
Suppose 81 + 36 = 3*d. Calculate the remainder when 115 is divided by d.
37
Let g(a) = -2*a - 14. Let d be g(-7). Suppose d = 4*l + 36 - 164. What is the remainder when l is divided by 17?
15
Suppose 0 = 3*g - 171 - 18. What is the remainder when g is divided by 13?
11
What is the remainder when -4 + 8 + 36 + -3 is divided by 20?
17
Let b be (-24)/(-16) + 1/2. Suppose -b*n - 66 = -5*n. Calculate the remainder when n is divided by 8.
6
Suppose -72 = -4*l - 20. Let j = -3 + 8. What is the remainder when l is divided by j?
3
Let j be (-195)/6 - 4/(-8). Let h = -17 - j. What is the remainder when 57 is divided by h?
12
Suppose -a = 2*a - 108. Calculate the remainder when 106 is divided by a.
34
Let b = 9 - 3. Suppose 100 = 25*u - 15*u. What is the remainder when u is divided by b?
4
Let j = 57 + -92. What is the remainder when (-10)/(-4)*(-574)/j is divided by 11?
8
Suppose 5*i - 1 = 19. Calculate the remainder when 6 is divided by i.
2
Let o be -1 + (-6)/(1*-2). Let k be (o/(2 - 3))/2. What is the remainder when 11 is divided by 6/3*(-2)/k?
3
Let r = 28 + -13. Let p = -8 + r. Calculate the remainder when p is divided by 2.
1
Let n(c) = 4*c. What is the remainder when n(15) is divided by 32?
28
Suppose 8 = 3*u + 2. Let t(r) be the third derivative of -r**4/24 - r**3/6 + r**2. Calculate the remainder when u is divided by t(-3).
0
Suppose 0*o + 2*o = v - 28, 4*v - 115 = 5*o. What is the remainder when v is divided by 8?
6
Let u(l) = l**3 + 9*l**2 - 10*l + 10. What is the remainder when 47 is divided by u(-10)?
7
Let x = 19 + -7. Suppose -5*q + 2 = -3, 3*w - 22 = -q. What is the remainder when x is divided by w?
5
Let k(n) = -n**2 + 6*n. Let y be k(6). Suppose y = -r - 3*z - z + 13, -z = -r + 28. What is the remainder when r is divided by 9?
7
Let h(z) = -16*z + 5. Calculate the remainder when h(-4) is divided by (4/(-6) - 0) + 280/15.
15
Let q = -60 + 71. Suppose 3*t - 79 = -16. Calculate the remainder when t is divided by q.
10
Let k = -47 - -57. Calculate the remainder when (-1)/3 + 110/6 is divided by k.
8
Let r = 27 - 28. Suppose -d + 13 - 5 = -5*l, -d - l = -26. What is the remainder when d is divided by 24*r/6*-3?
11
Suppose 2*f - 48 = -f. Calculate the remainder when 76 is divided by f.
12
Suppose 2*f - 5*s - 136 = 0, -2*s - 105 - 214 = -5*f. Calculate the remainder when f is divided by 22.
19
Suppose -4*n + 2 = -6. Suppose -c = n*c + 219. Let i = c + 104. What is the remainder when i is divided by 16?
15
Suppose 0*c + 90 = 5*c. Calculate the remainder when 51 is divided by c.
15
Let m be (0 + 48/28)*-7. Let n = m - -22. Calculate the remainder when 17 is divided by n.
7
Let n(s) = 4*s**2 + 2*s - 3. What is the remainder when n(4) is divided by 18?
15
Let b = 1 + 1. Suppose b*k = 2*i + 30, -k + 11 + 2 = i. Calculate the remainder when 25 is divided by k.
11
Let t = 30 - 8. Let p(i) = i**2 - 4*i + 4. Let s be p(-5). Suppose 5*l - 11 - s = 0. What is the remainder when t is divided by l?
10
Suppose 120 = l + 4*l. Suppose d - l = -3*d. Suppose -19 = -s - a, 0 = -5*a - 0 + 15. What is the remainder when s is divided by d?
4
What is the remainder when (-3)/1*(-60)/18 is divided by 7?
3
Let j = -55 - -64. Calculate the remainder when 37 is divided by j.
1
Suppose -9*a + 888 = 3*a. Calculate the remainder when a is divided by 5.
4
Suppose 6 + 14 = 5*o. Let t be 4/10 + (-12)/30. Suppose -6 = 3*k, t = o*l + k + 33 - 111. Calculate the remainder when l is divided by 11.
9
Let j(r) = -1 - 4*r + 2 + 0. Let d be j(-1). Suppose -2*c + 87 = -d. Calculate the remainder when c is divided by 16.
14
Let m(n) = n**2 - n + 6. Suppose -1 = 3*a - 28. Suppose -11*q = -a*q - 46. Calculate the remainder when q is divided by m(0).
5
Let g = 71 - -13. Let m = g + -45. What is the remainder when m is divided by 14?
11
Let a(n) = -n**3 - 10*n**2 + 9*n + 12. Calculate the remainder when 165 is divided by a(-11).
29
Let a(c) = -c**2 - 4*c. Let z be a(-10). Let b = z + 139. Calculate the remainder when b is divided by 27.
25
Suppose 2*d - 57 = -d. Suppose n + 1 = -1, -3*f - 4*n - 11 = 0. What is the remainder when d is divided by 8 + (0 - (2 + f))?
5
Suppose -2*j - 3*w - 7 = 0, 5*w + 9 + 12 = -j. Let n be (-2)/3 - 10/3. Calculate the remainder when j is divided by (18/(-15))/(n/10).
1
Suppose 0 = 14*y - 18*y + 4*q + 84, 0 = -3*y + 5*q + 65. Calculate the remainder when 217 is divided by y.
17
Let m(v) be the second derivative of v**4/12 + v**3/3 - v**2 + v. Let t be m(-3). What is the remainder when (2 + 72/3)/t is divided by 7?
5
Let d(t) = -t**2 + t + 2. Let o be d(0). Suppose o*h = 5*x + 27, 0 = 4*h - 5*h - x - 4. Calculate the remainder when 1 is divided by h.
0
Suppose -5*h - 4*o = -4, -5*o - 12 = 4*h - 2*h. Suppose -x = 2*g - 6 - 15, -75 = -h*x + g. What is the remainder when x is divided by 5?
4
Suppose j + 33 = 2*x, x - 2*j = -5*j - 1. Calculate the remainder when 39 is divided by x.
11
Suppose -293 = -5*k + 7. Calculate the remainder when k is divided by 21.
18
Let f = 7 - 3. Suppose 0 = -p + 5 + f. What is the remainder when 42 is divided by p?
6
Suppose 0 = -2*u + l + 22, -3*u + 13 + 25 = -4*l. Calculate the remainder when 28 is divided by u.
8
Suppose -2*h + 56 = 4*p, -4*p = 2*h - 9*p - 83. Calculate the remainder when 133 is divided by h.
31
Let k(y) = y**3 - 7*y**2 - y + 9. Let c be k(7). Suppose 5*s - 45 = -c*f + 7, 4*f = 5*s - 76. Let o = 22 - -13. Calculate the remainder when o is divided by s.
11
Suppose -55 = 24*z - 29*z. What is the remainder when 60 is divided by z?
5
Let r = 66 - 41. Let o = r - 4. Let h = -18 + 30. Calculate the remainder when o is divided by h.
9
Let i(s) = -s**2 - 12*s - 4. Suppose -5 + 18 = z. Calculate the remainder when z is divided by i(-11).
6
Let h(t) = t**3 + 9*t**2 + 7*t + 7. Let v be h(-7). Suppose -5*s + 3*s + v = 0. Calculate the remainder when s is divided by 10.
8
Suppose -2*w - 18 = -50. Calculate the remainder when 61 is divided by w.
13
Suppose -t - 17 = 2*r - 4*r, 3*t = r - 21. Calculate the remainder when (-65)/(-4) - 215/172 is divided by r.
3
Suppose -8*u + 3*u + 81 = -3*f, -3*u - f + 43 = 0. What is the remainder when ((-339)/u + -1)*-5 is divided by 30?
28
Let f(h) = 0*h**3 - 5*h**2 - 5 - 2*h - 2*h - h**3. Let o be f(-4). Let g = o - -8. Calculate the remainder when 7 is divided by g.
1
Suppose -100 = -s - 10. Suppose -2*a - a = 2*u - s, 0 = 4*u + a - 160. What is the remainder when u is divided by 10?
9
Suppose -4 = -2*m + 2. Suppose -2*g - 4*f + 25 = m*g, 3*f - 21 = -4*g. What is the remainder when g is divided by 4?
1
Suppose 4*k + 0*m - 661 = 5*m, 3*m + 174 = k. What is the remainder when k is divided by 27?
24
Let h be (3/3)/((-1)/(-4)). Let c be (12/18)/(h/102). Suppose -d = -c + 7. What is the remainder when 19 is divided by d?
9
Let h be 2/(-4) + (-49)/2. Let w = 35 + h. Suppose 3*p = -14*p + 663. Calculate the remainder when p is divided by w.
9
Let y(i) = -i - 7. Let a be y